{"id":84,"date":"2013-11-02T12:46:37","date_gmt":"2013-11-02T11:46:37","guid":{"rendered":"http:\/\/preither-garde.de\/?page_id=84"},"modified":"2013-11-15T17:25:24","modified_gmt":"2013-11-15T16:25:24","slug":"1984-3","status":"publish","type":"page","link":"https:\/\/preither-garde.de\/?page_id=84","title":{"rendered":"1984"},"content":{"rendered":"<h3 style=\"text-align: center;\"><strong>1. Saison<\/strong><\/h3>\n<h3 style=\"text-align: center;\"><\/h3>\n<h3 style=\"text-align: center;\"><em><span style=\"text-decoration: underline;\">Trainerinnen:<\/span><\/em><\/h3>\n<h3 style=\"text-align: center;\">Gabler Karin, Sichert Petra<\/h3>\n<h3 style=\"text-align: center;\"><\/h3>\n<h3 style=\"text-align: center;\"><em><span style=\"text-decoration: underline;\">T\u00e4nzerinnen:<\/span><\/em><\/h3>\n<h3 style=\"text-align: center;\">Bauch Christine<\/h3>\n<h3 style=\"text-align: center;\">Bauch Andrea<\/h3>\n<h3 style=\"text-align: center;\">Gabler Karin<\/h3>\n<h3 style=\"text-align: center;\">G\u00f6bel Gerdi<\/h3>\n<h3 style=\"text-align: center;\">G\u00f6bel Gitti<\/h3>\n<h3 style=\"text-align: center;\">Margraf Marille<\/h3>\n<h3 style=\"text-align: center;\">Sichert Petra<\/h3>\n<h3 style=\"text-align: center;\"><\/h3>\n<h3 style=\"text-align: center;\"><strong><img data-recalc-dims=\"1\" loading=\"lazy\" decoding=\"async\" data-attachment-id=\"356\" data-permalink=\"https:\/\/preither-garde.de\/?attachment_id=356\" data-orig-file=\"https:\/\/i0.wp.com\/preither-garde.de\/wp-content\/uploads\/2013\/11\/K800_1984-02.jpg?fit=809%2C600&amp;ssl=1\" data-orig-size=\"809,600\" data-comments-opened=\"1\" data-image-meta=\"{&quot;aperture&quot;:&quot;0&quot;,&quot;credit&quot;:&quot;&quot;,&quot;camera&quot;:&quot;&quot;,&quot;caption&quot;:&quot;&quot;,&quot;created_timestamp&quot;:&quot;0&quot;,&quot;copyright&quot;:&quot;&quot;,&quot;focal_length&quot;:&quot;0&quot;,&quot;iso&quot;:&quot;0&quot;,&quot;shutter_speed&quot;:&quot;0&quot;,&quot;title&quot;:&quot;&quot;}\" data-image-title=\"K800_1984 02\" data-image-description=\"\" data-image-caption=\"\" data-large-file=\"https:\/\/i0.wp.com\/preither-garde.de\/wp-content\/uploads\/2013\/11\/K800_1984-02.jpg?fit=800%2C593&amp;ssl=1\" class=\"aligncenter size-full wp-image-356\" alt=\"\" src=\"https:\/\/i0.wp.com\/preither-garde.de\/wp-content\/uploads\/2013\/11\/K800_1984-02.jpg?resize=506%2C376&#038;ssl=1\" width=\"506\" height=\"376\" srcset=\"https:\/\/i0.wp.com\/preither-garde.de\/wp-content\/uploads\/2013\/11\/K800_1984-02.jpg?w=809&amp;ssl=1 809w, https:\/\/i0.wp.com\/preither-garde.de\/wp-content\/uploads\/2013\/11\/K800_1984-02.jpg?resize=300%2C222&amp;ssl=1 300w\" sizes=\"auto, (max-width: 506px) 100vw, 506px\" \/><\/strong><\/h3>\n","protected":false},"excerpt":{"rendered":"<p>1. Saison Trainerinnen: Gabler Karin, Sichert Petra T\u00e4nzerinnen: Bauch Christine Bauch Andrea Gabler Karin G\u00f6bel Gerdi G\u00f6bel Gitti Margraf Marille Sichert Petra<\/p>\n","protected":false},"author":1,"featured_media":0,"parent":0,"menu_order":0,"comment_status":"closed","ping_status":"closed","template":"","meta":{"ngg_post_thumbnail":0,"jetpack_post_was_ever_published":false,"footnotes":""},"class_list":["post-84","page","type-page","status-publish","hentry"],"jetpack_sharing_enabled":true,"jetpack_shortlink":"https:\/\/wp.me\/P7LSHa-1m","jetpack_likes_enabled":true,"jetpack-related-posts":[],"_links":{"self":[{"href":"https:\/\/preither-garde.de\/index.php?rest_route=\/wp\/v2\/pages\/84","targetHints":{"allow":["GET"]}}],"collection":[{"href":"https:\/\/preither-garde.de\/index.php?rest_route=\/wp\/v2\/pages"}],"about":[{"href":"https:\/\/preither-garde.de\/index.php?rest_route=\/wp\/v2\/types\/page"}],"author":[{"embeddable":true,"href":"https:\/\/preither-garde.de\/index.php?rest_route=\/wp\/v2\/users\/1"}],"replies":[{"embeddable":true,"href":"https:\/\/preither-garde.de\/index.php?rest_route=%2Fwp%2Fv2%2Fcomments&post=84"}],"version-history":[{"count":8,"href":"https:\/\/preither-garde.de\/index.php?rest_route=\/wp\/v2\/pages\/84\/revisions"}],"predecessor-version":[{"id":3213,"href":"https:\/\/preither-garde.de\/index.php?rest_route=\/wp\/v2\/pages\/84\/revisions\/3213"}],"wp:attachment":[{"href":"https:\/\/preither-garde.de\/index.php?rest_route=%2Fwp%2Fv2%2Fmedia&parent=84"}],"curies":[{"name":"wp","href":"https:\/\/api.w.org\/{rel}","templated":true}]}}