{"id":365,"date":"2013-11-09T15:25:54","date_gmt":"2013-11-09T14:25:54","guid":{"rendered":"http:\/\/preither-garde.de\/?page_id=365"},"modified":"2025-07-02T23:36:42","modified_gmt":"2025-07-02T21:36:42","slug":"impressum","status":"publish","type":"page","link":"https:\/\/preither-garde.de\/?page_id=365","title":{"rendered":"Impressum"},"content":{"rendered":"<div class=\"items-leading clearfix\">\n<div class=\"leading-0\">\n<div class=\"page-header\">\n<h2>Anschrift und Telefon<\/h2>\n<\/div>\n<div>\n<p>Preither Garde<br \/>\nSparte Tanzsport der DJK Preith e.V.<br \/>\nZachenweg 11<br \/>\n85131 Preith<\/p>\n<\/div>\n<div>Telefon: 08421 7184<br \/>\nE-Mail Adresse:&nbsp;<a href=\"mailto:djk-preith@web.de\">djk-preith@web.de<\/a><br \/>\nE-Mail Adresse:&nbsp;<a href=\"mailto:organisation@preither-garde.de\">organisation@preither-garde.de<\/a><br \/>\nInternet:&nbsp;<a href=\"http:\/\/djk-preith.de\/index.html\">www.djk-preith.de<\/a><br \/>\nInternet:&nbsp;<a href=\"https:\/\/preither-garde.de\/index.html\">www.preither-garde.de<\/a><\/div>\n<\/div>\n<div>&nbsp;<\/div>\n<\/div>\n<div class=\"items-row cols-1 row-0 row-fluid clearfix\">\n<div class=\"span12\">\n<div class=\"item column-1\">\n<div class=\"page-header\">\n<h2>Vertretungsberechtigter Vorstand<\/h2>\n<\/div>\n<p>Markus Fuchs, Zachenweg 11, 85131 Preith<br \/>\nRegistergericht: Amtsgericht Ingolstadt<br \/>\nRegisternummer: VR 275<\/p>\n<\/div>\n<\/div>\n<\/div>\n<div class=\"items-row cols-1 row-1 row-fluid clearfix\">\n<div class=\"span12\">\n<div class=\"item column-1\">\n<div class=\"page-header\">\n<h2>Steuer ID Nr.<\/h2>\n<\/div>\n<p>124\/107\/80095<\/p>\n<\/div>\n<\/div>\n<\/div>\n<hr>\n<p>Haftungsausschluss<\/p>\n<p><b>1. Inhalt des Onlineangebots<\/b><br \/>\nDie Autoren \u00fcbernehmen keinerlei Gew\u00e4hr f\u00fcr die auf dieser Website zur Verf\u00fcgung gestellten Informationen, weder bez\u00fcglich Aktualit\u00e4t, noch Korrektheit, Vollst\u00e4ndigkeit oder Qualit\u00e4t. Haftungsanspr\u00fcche gegen die Autoren, welche sich auf allf\u00e4llige Sch\u00e4den materieller oder ideeller Art beziehen, die durch die Nutzung oder Nichtnutzung der dargebotenen Informationen bzw. durch die Nutzung fehlerhafter und unvollst\u00e4ndiger Informationen verursacht wurden, sind grunds\u00e4tzlich ausgeschlossen.<\/p>\n<p><b>2. Verweise und Links<\/b><br \/>\nTrotz sorgf\u00e4ltiger inhaltlicher Kontrolle \u00fcbernehmen wir keine Haftung f\u00fcr die Inhalte externer Links. F\u00fcr den Inhalt der verlinkten Seiten sind ausschlie\u00dflich deren Betreiber verantwortlich.<\/p>\n<p><b>3. Datenschutz<\/b><br \/>\nSofern vom Benutzer dieser Website pers\u00f6nliche oder gesch\u00e4ftliche Daten (E-Mail Adressen, Namen, Anschriften) eingegeben werden, so erfolgt die Preisgabe dieser Daten seitens des Benutzers ausdr\u00fccklich auf freiwilliger Basis. Die Inanspruchnahme und Bezahlung aller angebotenen Dienste ist, soweit technisch m\u00f6glich und zumutbar, auch ohne Angabe solcher Daten bzw. unter Angabe anonymisierter Daten oder eines Pseudonyms gestattet. Die Nutzung der im Rahmen des Impressums oder vergleichbarer Angaben ver\u00f6ffentlichten Kontaktdaten wie Postanschriften, Telefon- und Faxnummern sowie Emailadressen durch Dritte zur \u00dcbersendung von nicht ausdr\u00fccklich angeforderten Informationen ist nicht gestattet. Rechtliche Schritte gegen die Versender von sogenannten Spam-Mails bei Verst\u00f6ssen gegen dieses Verbot sind ausdr\u00fccklich vorbehalten.<\/p>\n<p><b>4. Urheber- und Kennzeichenrecht<\/b><br \/>\nDie Autoren sind bestrebt, in allen Publikationen die Urheberrechte der verwendeten Bilder, Grafiken, Tondokumente, Videosequenzen und Texte zu beachten. Alle innerhalb des Internetangebotes genannten und ggf. durch Dritte gesch\u00fctzten Marken- und Warenzeichen unterliegen uneingeschr\u00e4nkt den Bestimmungen des jeweils g\u00fcltigen Kennzeichenrechts und den Besitzrechten der jeweiligen eingetragenen Eigent\u00fcmer. Allein aufgrund der blossen Nennung ist nicht der Schluss zu ziehen, dass Markenzeichen nicht durch Rechte Dritter gesch\u00fctzt sind! Das Copyright f\u00fcr ver\u00f6ffentlichte, von den Autoren selbst erstellten Objekte bleiben allein bei den Autoren. Eine Vervielf\u00e4ltigung oder Verwendung solcher Objekte in anderen elektronischen oder gedruckten Publikationen ist ohne ausdr\u00fcckliche Zustimmung der Autoren nicht gestattet.<\/p>\n<p><b>5. Rechtswirksamkeit dieses Haftungsausschlusses<\/b><br \/>\nDieser Haftungsausschluss ist als Teil des Internetangebotes zu betrachten, von dem aus auf diese Seite verwiesen wurde. Sofern Teile oder einzelne Formulierungen dieses Textes der geltenden Rechtslage nicht, nicht mehr oder nicht vollst\u00e4ndig entsprechen sollten, bleiben die \u00fcbrigen Teile des Dokumentes in ihrem Inhalt und ihrer G\u00fcltigkeit davon unber\u00fchrt.<\/p>\n<p><span class=\"textmini\"><br \/>\nWebsite made with WordPress.<\/span><\/p>\n","protected":false},"excerpt":{"rendered":"<p>Anschrift und Telefon Preither Garde Sparte Tanzsport der DJK Preith e.V. Zachenweg 11 85131 Preith Telefon: 08421 7184 E-Mail Adresse:&nbsp;djk-preith@web.de E-Mail Adresse:&nbsp;organisation@preither-garde.de Internet:&nbsp;www.djk-preith.de Internet:&nbsp;www.preither-garde.de &nbsp; Vertretungsberechtigter Vorstand Markus Fuchs, Zachenweg &#8230;<\/p>\n","protected":false},"author":4,"featured_media":0,"parent":5,"menu_order":2,"comment_status":"closed","ping_status":"closed","template":"","meta":{"ngg_post_thumbnail":0,"jetpack_post_was_ever_published":false,"footnotes":""},"class_list":["post-365","page","type-page","status-publish","hentry"],"jetpack_sharing_enabled":false,"jetpack_shortlink":"https:\/\/wp.me\/P7LSHa-5T","jetpack_likes_enabled":false,"jetpack-related-posts":[],"_links":{"self":[{"href":"https:\/\/preither-garde.de\/index.php?rest_route=\/wp\/v2\/pages\/365","targetHints":{"allow":["GET"]}}],"collection":[{"href":"https:\/\/preither-garde.de\/index.php?rest_route=\/wp\/v2\/pages"}],"about":[{"href":"https:\/\/preither-garde.de\/index.php?rest_route=\/wp\/v2\/types\/page"}],"author":[{"embeddable":true,"href":"https:\/\/preither-garde.de\/index.php?rest_route=\/wp\/v2\/users\/4"}],"replies":[{"embeddable":true,"href":"https:\/\/preither-garde.de\/index.php?rest_route=%2Fwp%2Fv2%2Fcomments&post=365"}],"version-history":[{"count":11,"href":"https:\/\/preither-garde.de\/index.php?rest_route=\/wp\/v2\/pages\/365\/revisions"}],"predecessor-version":[{"id":3208,"href":"https:\/\/preither-garde.de\/index.php?rest_route=\/wp\/v2\/pages\/365\/revisions\/3208"}],"up":[{"embeddable":true,"href":"https:\/\/preither-garde.de\/index.php?rest_route=\/wp\/v2\/pages\/5"}],"wp:attachment":[{"href":"https:\/\/preither-garde.de\/index.php?rest_route=%2Fwp%2Fv2%2Fmedia&parent=365"}],"curies":[{"name":"wp","href":"https:\/\/api.w.org\/{rel}","templated":true}]}}

<div class="items-leading clearfix">
<div class="leading-0">
<div class="page-header">
<h2>Anschrift und Telefon</h2>
</div>
<div>
<p>Preither Garde<br />
Sparte Tanzsport der DJK Preith e.V.<br />
Zachenweg 11<br />
85131 Preith</p>
</div>
<div>Telefon: 08421 7184<br />
E-Mail Adresse:&nbsp;<a href="mailto:djk-preith@web.de">djk-preith@web.de</a><br />
E-Mail Adresse:&nbsp;<a href="mailto:organisation@preither-garde.de">organisation@preither-garde.de</a><br />
Internet:&nbsp;<a href="http://djk-preith.de/index.html">www.djk-preith.de</a><br />
Internet:&nbsp;<a href="https://preither-garde.de/index.html">www.preither-garde.de</a></div>
</div>
<div>&nbsp;</div>
</div>
<div class="items-row cols-1 row-0 row-fluid clearfix">
<div class="span12">
<div class="item column-1">
<div class="page-header">
<h2>Vertretungsberechtigter Vorstand</h2>
</div>
<p>Markus Fuchs, Zachenweg 11, 85131 Preith<br />
Registergericht: Amtsgericht Ingolstadt<br />
Registernummer: VR 275</p>
</div>
</div>
</div>
<div class="items-row cols-1 row-1 row-fluid clearfix">
<div class="span12">
<div class="item column-1">
<div class="page-header">
<h2>Steuer ID Nr.</h2>
</div>
<p>124/107/80095</p>
</div>
</div>
</div>
<hr>
<p>Haftungsausschluss</p>
<p><b>1. Inhalt des Onlineangebots</b><br />
Die Autoren übernehmen keinerlei Gewähr für die auf dieser Website zur Verfügung gestellten Informationen, weder bezüglich Aktualität, noch Korrektheit, Vollständigkeit oder Qualität. Haftungsansprüche gegen die Autoren, welche sich auf allfällige Schäden materieller oder ideeller Art beziehen, die durch die Nutzung oder Nichtnutzung der dargebotenen Informationen bzw. durch die Nutzung fehlerhafter und unvollständiger Informationen verursacht wurden, sind grundsätzlich ausgeschlossen.</p>
<p><b>2. Verweise und Links</b><br />
Trotz sorgfältiger inhaltlicher Kontrolle übernehmen wir keine Haftung für die Inhalte externer Links. Für den Inhalt der verlinkten Seiten sind ausschließlich deren Betreiber verantwortlich.</p>
<p><b>3. Datenschutz</b><br />
Sofern vom Benutzer dieser Website persönliche oder geschäftliche Daten (E-Mail Adressen, Namen, Anschriften) eingegeben werden, so erfolgt die Preisgabe dieser Daten seitens des Benutzers ausdrücklich auf freiwilliger Basis. Die Inanspruchnahme und Bezahlung aller angebotenen Dienste ist, soweit technisch möglich und zumutbar, auch ohne Angabe solcher Daten bzw. unter Angabe anonymisierter Daten oder eines Pseudonyms gestattet. Die Nutzung der im Rahmen des Impressums oder vergleichbarer Angaben veröffentlichten Kontaktdaten wie Postanschriften, Telefon- und Faxnummern sowie Emailadressen durch Dritte zur Übersendung von nicht ausdrücklich angeforderten Informationen ist nicht gestattet. Rechtliche Schritte gegen die Versender von sogenannten Spam-Mails bei Verstössen gegen dieses Verbot sind ausdrücklich vorbehalten.</p>
<p><b>4. Urheber- und Kennzeichenrecht</b><br />
Die Autoren sind bestrebt, in allen Publikationen die Urheberrechte der verwendeten Bilder, Grafiken, Tondokumente, Videosequenzen und Texte zu beachten. Alle innerhalb des Internetangebotes genannten und ggf. durch Dritte geschützten Marken- und Warenzeichen unterliegen uneingeschränkt den Bestimmungen des jeweils gültigen Kennzeichenrechts und den Besitzrechten der jeweiligen eingetragenen Eigentümer. Allein aufgrund der blossen Nennung ist nicht der Schluss zu ziehen, dass Markenzeichen nicht durch Rechte Dritter geschützt sind! Das Copyright für veröffentlichte, von den Autoren selbst erstellten Objekte bleiben allein bei den Autoren. Eine Vervielfältigung oder Verwendung solcher Objekte in anderen elektronischen oder gedruckten Publikationen ist ohne ausdrückliche Zustimmung der Autoren nicht gestattet.</p>
<p><b>5. Rechtswirksamkeit dieses Haftungsausschlusses</b><br />
Dieser Haftungsausschluss ist als Teil des Internetangebotes zu betrachten, von dem aus auf diese Seite verwiesen wurde. Sofern Teile oder einzelne Formulierungen dieses Textes der geltenden Rechtslage nicht, nicht mehr oder nicht vollständig entsprechen sollten, bleiben die übrigen Teile des Dokumentes in ihrem Inhalt und ihrer Gültigkeit davon unberührt.</p>
<p><span class="textmini"><br />
Website made with WordPress.</span></p>
