{"id":30,"date":"2013-10-25T11:35:33","date_gmt":"2013-10-25T09:35:33","guid":{"rendered":"http:\/\/preither-garde.de\/?page_id=30"},"modified":"2025-09-05T17:45:28","modified_gmt":"2025-09-05T15:45:28","slug":"geschichte","status":"publish","type":"page","link":"https:\/\/preither-garde.de\/?page_id=30","title":{"rendered":"Verein"},"content":{"rendered":"\n<div class=\"wp-block-columns is-layout-flex wp-container-core-columns-is-layout-9d6595d7 wp-block-columns-is-layout-flex\">\n<div class=\"wp-block-column is-layout-flow wp-block-column-is-layout-flow\" style=\"flex-basis:100%\">\n<h1><span style=\"color: #0000ff;\"><strong><span style=\"color: #000000;\">Was heisst eigentlich<\/span> <span style=\"color: #00ccff;\">&#8222;P-G-M&#8220;<\/span><\/strong><\/span>?<\/h1>\n<p>&nbsp;<\/p>\n<p><strong>P-G-M ist die inzwischen schon g\u00e4ngige Abk\u00fcrzung f\u00fcr &#8222;Preither-Garde-M\u00e4dels&#8220;.<\/strong><\/p>\n<p><strong>Ganz richtig ist diese Bezeichnung aber nicht mehr, da seit der Faschingssaison 2000\/2001 neben den M\u00e4dels auch Jungs die Tanzgruppe bereichern.<\/strong><\/p>\n<p>&nbsp;<\/p>\n<p style=\"text-align: center;\"><a class=\"fasc-button fasc-size-xlarge fasc-type-flat fasc-rounded-medium\" style=\"background-color: #03c4eb; color: #ffffff;\" href=\"https:\/\/preither-garde.de\/?page_id=62\">Garde<\/a>&nbsp; &nbsp; <a class=\"fasc-button fasc-size-xlarge fasc-type-flat fasc-rounded-medium\" style=\"background-color: #03c4eb; color: #ffffff;\" href=\"https:\/\/preither-garde.de\/?page_id=101\">Elferrat<\/a>&nbsp; &nbsp; &nbsp; &nbsp;<\/p>\n<p>&nbsp;<\/p>\n<p>&nbsp;<\/p>\n<p>&nbsp;<\/p>\n<\/div>\n<\/div>\n","protected":false},"excerpt":{"rendered":"<p>Was heisst eigentlich &#8222;P-G-M&#8220;? &nbsp; P-G-M ist die inzwischen schon g\u00e4ngige Abk\u00fcrzung f\u00fcr &#8222;Preither-Garde-M\u00e4dels&#8220;. Ganz richtig ist diese Bezeichnung aber nicht mehr, da seit der Faschingssaison 2000\/2001 neben den M\u00e4dels &#8230;<\/p>\n","protected":false},"author":1,"featured_media":0,"parent":0,"menu_order":3,"comment_status":"closed","ping_status":"closed","template":"","meta":{"ngg_post_thumbnail":0,"jetpack_post_was_ever_published":false,"footnotes":""},"class_list":["post-30","page","type-page","status-publish","hentry"],"jetpack_sharing_enabled":true,"jetpack_shortlink":"https:\/\/wp.me\/P7LSHa-u","jetpack_likes_enabled":true,"jetpack-related-posts":[],"_links":{"self":[{"href":"https:\/\/preither-garde.de\/index.php?rest_route=\/wp\/v2\/pages\/30","targetHints":{"allow":["GET"]}}],"collection":[{"href":"https:\/\/preither-garde.de\/index.php?rest_route=\/wp\/v2\/pages"}],"about":[{"href":"https:\/\/preither-garde.de\/index.php?rest_route=\/wp\/v2\/types\/page"}],"author":[{"embeddable":true,"href":"https:\/\/preither-garde.de\/index.php?rest_route=\/wp\/v2\/users\/1"}],"replies":[{"embeddable":true,"href":"https:\/\/preither-garde.de\/index.php?rest_route=%2Fwp%2Fv2%2Fcomments&post=30"}],"version-history":[{"count":47,"href":"https:\/\/preither-garde.de\/index.php?rest_route=\/wp\/v2\/pages\/30\/revisions"}],"predecessor-version":[{"id":3559,"href":"https:\/\/preither-garde.de\/index.php?rest_route=\/wp\/v2\/pages\/30\/revisions\/3559"}],"wp:attachment":[{"href":"https:\/\/preither-garde.de\/index.php?rest_route=%2Fwp%2Fv2%2Fmedia&parent=30"}],"curies":[{"name":"wp","href":"https:\/\/api.w.org\/{rel}","templated":true}]}}