{"id":177,"date":"2013-11-09T11:23:23","date_gmt":"2013-11-09T10:23:23","guid":{"rendered":"http:\/\/preither-garde.de\/?page_id=177"},"modified":"2013-11-09T12:27:23","modified_gmt":"2013-11-09T11:27:23","slug":"2003-2","status":"publish","type":"page","link":"https:\/\/preither-garde.de\/?page_id=177","title":{"rendered":"2003"},"content":{"rendered":"<h3 style=\"text-align: center;\" align=\"center\"><strong>14. Saison<\/strong><\/h3>\n<h3 style=\"text-align: center;\" align=\"center\"><\/h3>\n<h3 style=\"text-align: center;\" align=\"center\"><em><span style=\"text-decoration: underline;\">Trainerinnen:<\/span><\/em><\/h3>\n<h3 style=\"text-align: center;\" align=\"center\">K\u00f6nig Michaela, Pfaller Gabi<\/h3>\n<h3 style=\"text-align: center;\" align=\"center\"><\/h3>\n<h3 style=\"text-align: center;\" align=\"center\"><em><span style=\"text-decoration: underline;\">T\u00e4nzerinnen\/T\u00e4nzer:<\/span><\/em><\/h3>\n<h3 style=\"text-align: center;\" align=\"center\">Findeis Daniela<\/h3>\n<h3 style=\"text-align: center;\" align=\"center\">H\u00e4ring Steffi<\/h3>\n<h3 style=\"text-align: center;\" align=\"center\">Karl Alex<\/h3>\n<h3 style=\"text-align: center;\" align=\"center\">K\u00f6nig Christine<\/h3>\n<h3 style=\"text-align: center;\" align=\"center\">K\u00f6nig Roman<\/h3>\n<h3 style=\"text-align: center;\" align=\"center\">Lang Alex<\/h3>\n<h3 style=\"text-align: center;\" align=\"center\">Lang Andy<\/h3>\n<h3 style=\"text-align: center;\" align=\"center\">Lauerer Verena<\/h3>\n<h3 style=\"text-align: center;\" align=\"center\">Neubauer Sabine<\/h3>\n<h3 style=\"text-align: center;\" align=\"center\">Pfaller Robert<\/h3>\n<h3 style=\"text-align: center;\" align=\"center\">Schmid Angi<\/h3>\n<h3 style=\"text-align: center;\" align=\"center\">Schmid Roland<\/h3>\n<p>&nbsp;<\/p>\n<p style=\"text-align: center;\"><img data-recalc-dims=\"1\" loading=\"lazy\" decoding=\"async\" data-attachment-id=\"129\" data-permalink=\"https:\/\/preither-garde.de\/?attachment_id=129\" data-orig-file=\"https:\/\/i0.wp.com\/preither-garde.de\/wp-content\/uploads\/2013\/11\/K800_2003-02.jpg?fit=875%2C600&amp;ssl=1\" data-orig-size=\"875,600\" data-comments-opened=\"1\" data-image-meta=\"{&quot;aperture&quot;:&quot;0&quot;,&quot;credit&quot;:&quot;&quot;,&quot;camera&quot;:&quot;&quot;,&quot;caption&quot;:&quot;&quot;,&quot;created_timestamp&quot;:&quot;0&quot;,&quot;copyright&quot;:&quot;&quot;,&quot;focal_length&quot;:&quot;0&quot;,&quot;iso&quot;:&quot;0&quot;,&quot;shutter_speed&quot;:&quot;0&quot;,&quot;title&quot;:&quot;&quot;}\" data-image-title=\"K800_2003 02\" data-image-description=\"\" data-image-caption=\"\" data-large-file=\"https:\/\/i0.wp.com\/preither-garde.de\/wp-content\/uploads\/2013\/11\/K800_2003-02.jpg?fit=800%2C549&amp;ssl=1\" class=\"aligncenter size-full wp-image-129\" alt=\"\" src=\"https:\/\/i0.wp.com\/preither-garde.de\/wp-content\/uploads\/2013\/11\/K800_2003-02.jpg?resize=604%2C414&#038;ssl=1\" width=\"604\" height=\"414\" srcset=\"https:\/\/i0.wp.com\/preither-garde.de\/wp-content\/uploads\/2013\/11\/K800_2003-02.jpg?w=875&amp;ssl=1 875w, https:\/\/i0.wp.com\/preither-garde.de\/wp-content\/uploads\/2013\/11\/K800_2003-02.jpg?resize=300%2C205&amp;ssl=1 300w\" sizes=\"auto, (max-width: 604px) 100vw, 604px\" \/><\/p>\n","protected":false},"excerpt":{"rendered":"<p>14. Saison Trainerinnen: K\u00f6nig Michaela, Pfaller Gabi T\u00e4nzerinnen\/T\u00e4nzer: Findeis Daniela H\u00e4ring Steffi Karl Alex K\u00f6nig Christine K\u00f6nig Roman Lang Alex Lang Andy Lauerer Verena Neubauer Sabine Pfaller Robert Schmid Angi &#8230;<\/p>\n","protected":false},"author":1,"featured_media":0,"parent":0,"menu_order":0,"comment_status":"closed","ping_status":"closed","template":"","meta":{"ngg_post_thumbnail":0,"footnotes":""},"class_list":["post-177","page","type-page","status-publish","hentry"],"jetpack_sharing_enabled":true,"jetpack_shortlink":"https:\/\/wp.me\/P7LSHa-2R","jetpack_likes_enabled":true,"jetpack-related-posts":[],"_links":{"self":[{"href":"https:\/\/preither-garde.de\/index.php?rest_route=\/wp\/v2\/pages\/177","targetHints":{"allow":["GET"]}}],"collection":[{"href":"https:\/\/preither-garde.de\/index.php?rest_route=\/wp\/v2\/pages"}],"about":[{"href":"https:\/\/preither-garde.de\/index.php?rest_route=\/wp\/v2\/types\/page"}],"author":[{"embeddable":true,"href":"https:\/\/preither-garde.de\/index.php?rest_route=\/wp\/v2\/users\/1"}],"replies":[{"embeddable":true,"href":"https:\/\/preither-garde.de\/index.php?rest_route=%2Fwp%2Fv2%2Fcomments&post=177"}],"version-history":[{"count":2,"href":"https:\/\/preither-garde.de\/index.php?rest_route=\/wp\/v2\/pages\/177\/revisions"}],"predecessor-version":[{"id":247,"href":"https:\/\/preither-garde.de\/index.php?rest_route=\/wp\/v2\/pages\/177\/revisions\/247"}],"wp:attachment":[{"href":"https:\/\/preither-garde.de\/index.php?rest_route=%2Fwp%2Fv2%2Fmedia&parent=177"}],"curies":[{"name":"wp","href":"https:\/\/api.w.org\/{rel}","templated":true}]}}